en 30 is divided by s(5)?
0
Let r = 47 + -23. Suppose -293 = -5*u + 182. What is the remainder when u is divided by r?
23
Suppose -4*l + 5*h + 46 = 0, 0 = -4*l + 2*l + 5*h + 18. Calculate the remainder when 111 is divided by l.
13
Let q = -346 - -362. Calculate the remainder when (-42 - 3/(-3))*-1 is divided by q.
9
Suppose 377 = 45*t - 16*t. Calculate the remainder when 26 is divided by t.
0
Let k(f) = -4*f**3 - 8*f**2 - 4*f - 22. Calculate the remainder when 143 is divided by k(-3).
13
Let v = 672 - 560. What is the remainder when v is divided by 4?
0
Let g = 19 + -10. Suppose -5*a + 37 = 3*v - g, 3*a = -v + 22. What is the remainder when 12 is divided by v?
5
Suppose 23*l = 681 + 285. What is the remainder when 80 is divided by l?
38
Let z(c) = c**3 - 14*c**2 + c - 6. Let s be -1 + 4 + (-28 - -3). Let k = -9 - s. What is the remainder when k is divided by z(14)?
5
Let s(v) = v**3 + 2*v**2 - v - 10. Let j be s(6). Let z = j - 192. What is the remainder when z is divided by 42?
38
Let p(b) = -12*b - 2. Let q be p(2). Suppose -a - 78 = 2*g + 3*a, -g + a - 42 = 0. Let x = q - g. Calculate the remainder when 43 is divided by x.
13
Suppose -58*y + 37*y + 126 = 0. Calculate the remainder when 93 is divided by y.
3
Let a = -45 - -43. Let i = a - -19. Calculate the remainder when i is divided by 6.
5
Suppose 3*v + 9 = 6, 0 = u - 4*v - 46. Suppose -2*c + o = -389 - 26, 0 = 2*o - 2. Calculate the remainder when c is divided by u.
40
Let z(s) be the first derivative of -s**2/2 - 3*s - 9. Let t be z(-7). Suppose t*f = 92 + 144. What is the remainder when f is divided by 10?
9
Suppose -44*k + 480 = -34*k. Calculate the remainder when 526 is divided by k.
46
Let c = -72 + 4. Let s = 87 + c. What is the remainder when 72 is divided by s?
15
Let j(o) = -o**3 - 5*o**2 + 13*o + 3. What is the remainder when 58 is divided by j(-7)?
8
Let k = -104 + 47. Let u = -34 - k. Calculate the remainder when u is divided by -6*1/(-1)*1.
5
Let k(w) = w + 8. Let p be k(-6). Suppose -4*f - p*v = 2*v - 44, 0 = -2*f - 3*v + 26. Let r = -18459 + 18491. What is the remainder when r is divided by f?
4
Suppose p = -5*a + 23, -5 = -p - 2*a + 18. What is the remainder when 43 is divided by p?
20
Let t(m) = 2*m**3 - 11*m**2 + 20*m + 15. Let c(i) = -i**3 + 5*i**2 - 10*i - 8. Let r(h) = 5*c(h) + 3*t(h). What is the remainder when r(8) is divided by 43?
42
Let k(s) = -s**3 - 19*s**2 - 41*s - 36. Let v(r) = r**3 + 8*r**2 - 3*r - 2. What is the remainder when k(-17) is divided by v(-8)?
17
Let y(r) = r**2 + 3*r + 3. Let b be (18/(-12))/((-2)/(-4)). Let k be y(b). Calculate the remainder when 40 is divided by k/(-12)*14*-4.
12
Calculate the remainder when (15 + (-217)/14)/((-2)/344) is divided by 34.
18
Let m be 81/6*(-8)/6. Calculate the remainder when (-4)/m - 970/(-90) is divided by 6.
5
Let u = 6 + -9. Calculate the remainder when -39*(58/(-39) - 12/(-78)) is divided by (-55)/u - 2/6.
16
Let i(l) = -7*l + 19. Let t(m) = -3*m + 0 + 4 + 0 + 6. Let y(s) = -6*i(s) + 13*t(s). What is the remainder when y(11) is divided by 18?
13
Suppose 275 = -25*l + 5800. Calculate the remainder when l is divided by 32.
29
Suppose 0 = r - 202*v + 198*v + 8, -v = 2*r - 11. Calculate the remainder when (22/8)/((-1)/(-4)) is divided by r.
3
Suppose -13*p + 5917 = 886. What is the remainder when p is divided by 23?
19
Let l(d) be the second derivative of -2*d**3 - 9*d**2 + 3*d. Calculate the remainder when l(-5) is divided by (11/4)/((-2)/(-8)).
9
Let q = 1136 + -1107. What is the remainder when 166 is divided by q?
21
Let y(b) = -3*b**2 + 94*b - 53. Calculate the remainder when y(28) is divided by 4.
3
Let j be ((-63)/18)/(2/8). Let f be (4/j)/(5/(-70)). Suppose -f*s + 76 = -0*s. What is the remainder when s is divided by 5?
4
Let v(p) = -7 + 4 - 15*p - 3. Suppose -5*m - 4*t + 1 = 7, m + 2*t = 0. What is the remainder when 46 is divided by v(m)?
22
Suppose 21*j - 104 = 8*j. Suppose 0 = j*w - 182 - 258. What is the remainder when w is divided by 14?
13
Let s(u) = -7*u**2 - 64*u + 9. What is the remainder when 436 is divided by s(-8)?
71
Let l(m) = 105*m + 251. Calculate the remainder when l(7) is divided by 21.
20
Suppose -5*b = 20, 9*g + 56 = 7*g - 5*b. What is the remainder when (7/(-2))/(g/72) is divided by 10?
4
Suppose 3*m + 5 = 14, -5*m = -3*w - 84. Let v = w + 34. Calculate the remainder when v is divided by 5.
1
Let j(z) = -10*z**3 + z**2 + 3*z + 3. Let d be 4/(-16)*-3*-4. Calculate the remainder when j(-2) is divided by 20 + d/(-7 - -4).
18
Let m = 143 + 85. Suppose 168 = 4*t - m. Let k = -51 + t. What is the remainder when k is divided by 10?
8
Let d be (-2)/8 - 17/(-4). Suppose -d*p = -0*p - 24. What is the remainder when p is divided by (0 + 1)*4*(15 - (-3 + 17))?
2
Suppose -5*f - 10 = 0, -10*f + 14*f = -3*c + 148. Calculate the remainder when 153 is divided by c.
49
Let y(k) = -k**3 + 3*k**2 + 10*k + 3. Let x be y(5). Calculate the remainder when 198 is divided by ((25/x)/1)/((-6)/(-36)).
48
Let n = 1113 - 1082. What is the remainder when 462 is divided by n?
28
Suppose -58*i + 66*i - 72 = 0. What is the remainder when 242 is divided by i?
8
Let w(t) = 7*t - 21. Let h be w(3). What is the remainder when (h - 49)/(-1) - (1 + 1) is divided by 8?
7
Calculate the remainder when -2 + 21 + 0*6/24 is divided by 12.
7
Let l = -103 + 110. Calculate the remainder when 47 is divided by l.
5
Let l = 500 + -461. Let p(c) = -c + 11. Calculate the remainder when l is divided by p(0).
6
Let g be (-2)/(-6) - 50/(-30). Suppose 0 = -0*z + z - 4*d - 25, -g*z = 4*d - 74. What is the remainder when z is divided by 12?
9
Suppose i + i = -4. Let l = -4 + 5. What is the remainder when (52/65)/(i/(-10)) is divided by l?
0
Suppose -5*l = -42 + 22. What is the remainder when 57 is divided by l?
1
Let z = 3 + 2. Suppose 4*p = 4*m - 48, -p - 11 = 2*m - 32. What is the remainder when m is divided by z?
1
Suppose 4*w + 4*a - 36 = 0, 0 = 3*w - a - 1 - 6. Calculate the remainder when 39 is divided by (-2 - w/(-3))*(-10 - 5).
9
Suppose -58 = -2*j + 3*f, -2*j + 68 + 6 = f. What is the remainder when j is divided by -9*((-5)/4 + (-2)/(-8))?
8
Let v(z) = 65*z**2 + 2*z + 1. Calculate the remainder when v(-1) is divided by (-206)/(-12) - -2 - 60/360.
7
Let y = 72 + -69. Suppose 112 = 3*u + u. Suppose 0*c - y*c + q + u = 0, -q = -2. Calculate the remainder when c is divided by 6.
4
Calculate the remainder when 96/208 - 3680/(-26) is divided by 39.
25
Suppose 5*v - y = 348, 5*v + 5*y - 70 = 290. What is the remainder when 81 is divided by v?
11
Let b(d) = -21*d - 2. Let z(h) = h**2 + 3*h - 1. Let p be z(-3). Let v be b(p). Calculate the remainder when 5*(-3)/(-15)*v is divided by 10.
9
What is the remainder when 301 is divided by -76*(4 + (-54)/12)?
35
Let d(a) = 3*a - 8. Calculate the remainder when d(30) is divided by 46.
36
Suppose -10 = 5*o, 3*o + 37 = -0*f + f. Suppose f*x - 99 = 28*x. What is the remainder when 130 is divided by x?
31
Suppose -150 = -4*b + 4*j - 3*j, 3*b + 5*j - 101 = 0. Let h = -28 + b. Calculate the remainder when 17 is divided by h.
8
Let o(f) be the third derivative of f**5/60 - 5*f**3/3 + 2*f**2. Suppose -p + 135 = 4*p. What is the remainder when p is divided by o(5)?
12
Let z = -277 + 179. Let a = 144 + z. Calculate the remainder when a is divided by 24.
22
Suppose z = -b + 40 + 97, 2*b + 699 = 5*z. Calculate the remainder when z is divided by 74.
65
Let z(g) = -g**3 + 8*g**2 - 10*g - 18. Let o be z(6). Let v(u) = -9*u**2 - u. Let p be v(-1). Calculate the remainder when 83 is divided by (9/o)/(1/p).
11
Let h(i) = -i + 12. What is the remainder when (106/(-4) + -2)*-2 is divided by h(0)?
9
Let v(u) = -u**2 - u + 1. Let n be v(-16). Let d = n - -336. Calculate the remainder when d is divided by 20.
17
Let r(p) = 9*p**2 - 14*p - 1. Let f(i) = 5*i**2 - 7*i. Let u(k) = -5*f(k) + 3*r(k). Suppose -l = -2*l + 6. Calculate the remainder when u(l) is divided by 15.
12
Let z = -765 - -767. Calculate the remainder when z is divided by (1/(2/(-4)))/(-2).
0
Let s = 17 + -13. Suppose 36 + 16 = s*v. Calculate the remainder when 49 is divided by v.
10
Suppose 0 = 4*g - 0 - 12. What is the remainder when 100 + (1 - -5 - g) is divided by 35?
33
Let r = -79 + 74. Let j(z) = -z + 5. Let l = 59 - 31. What is the remainder wh